54793 is divided by 444415?
3
Calculate the remainder when 101414 is divided by 98815.
2599
What is the remainder when 11293350 is divided by 14?
12
Calculate the remainder when 12895019 is divided by 355.
354
Calculate the remainder when 617210 is divided by 177.
11
What is the remainder when 62683713 is divided by 559676?
1
What is the remainder when 49966 is divided by 639?
124
What is the remainder when 1847187 is divided by 5248?
5139
What is the remainder when 316234 is divided by 388?
14
Calculate the remainder when 653686 is divided by 122.
10
What is the remainder when 11055687 is divided by 119?
111
Calculate the remainder when 35502 is divided by 4294.
1150
Calculate the remainder when 5771702 is divided by 21780.
2
Calculate the remainder when 6096323 is divided by 1167.
1082
What is the remainder when 19499945 is divided by 5893?
8
What is the remainder when 61127048 is divided by 39184?
8
What is the remainder when 41489702 is divided by 5186207?
46
What is the remainder when 8032903 is divided by 27?
25
What is the remainder when 4297201 is divided by 429720?
1
Calculate the remainder when 157907 is divided by 4650.
4457
Calculate the remainder when 183436 is divided by 535.
466
Calculate the remainder when 845841 is divided by 1477.
997
What is the remainder when 1849864 is divided by 873?
850
What is the remainder when 8372302 is divided by 1046508?
238
Calculate the remainder when 584617 is divided by 538.
349
What is the remainder when 343192 is divided by 817?
52
What is the remainder when 193886 is divided by 193?
114
What is the remainder when 3850817 is divided by 3850810?
7
Calculate the remainder when 2389230 is divided by 1610.
1600
What is the remainder when 32711813 is divided by 1546?
1545
What is the remainder when 3409370 is divided by 190?
10
What is the remainder when 940996429 is divided by 152?
149
What is the remainder when 6348348 is divided by 637?
6
Calculate the remainder when 2824542 is divided by 42796.
6
What is the remainder when 2828507 is divided by 387?
311
Calculate the remainder when 21882 is divided by 3530.
702
Calculate the remainder when 4969736 is divided by 828253.
218
Calculate the remainder when 237579 is divided by 1094.
181
What is the remainder when 1392545 is divided by 1004?
1001
What is the remainder when 8056710 is divided by 244141?
57
Calculate the remainder when 4285 is divided by 833.
120
What is the remainder when 5655425 is divided by 776?
713
Calculate the remainder when 4922286 is divided by 205095.
6
What is the remainder when 26769732 is divided by 102566?
6
Calculate the remainder when 1169198 is divided by 1441.
547
What is the remainder when 53743 is divided by 13119?
1267
Calculate the remainder when 19138 is divided by 2343.
394
Calculate the remainder when 747036 is divided by 124504.
12
Calculate the remainder when 3291206 is divided by 1175.
31
Calculate the remainder when 576986 is divided by 3281.
2811
Calculate the remainder when 725526 is divided by 1284.
66
Calculate the remainder when 26826 is divided by 767.
748
Calculate the remainder when 6955317 is divided by 24490.
157
What is the remainder when 1440127 is divided by 145?
132
What is the remainder when 65811401 is divided by 59?
28
Calculate the remainder when 5362495 is divided by 2681240.
15
Calculate the remainder when 339422 is divided by 4061.
2359
Calculate the remainder when 274994 is divided by 1403.
6
What is the remainder when 41948521 is divided by 283?
280
Calculate the remainder when 31132 is divided by 533.
218
Calculate the remainder when 1349296 is divided by 18.
16
Calculate the remainder when 3124552 is divided by 35.
32
Calculate the remainder when 94979327 is divided by 2206.
2203
Calculate the remainder when 1986150 is divided by 4.
2
What is the remainder when 511184 is divided by 85?
79
What is the remainder when 2085 is divided by 44?
17
Calculate the remainder when 47573739 is divided by 5285971.
0
What is the remainder when 1030027 is divided by 3107?
1610
What is the remainder when 162736 is divided by 643?
57
Calculate the remainder when 3221329 is divided by 437.
202
What is the remainder when 5608861 is divided by 1869560?
181
Calculate the remainder when 128360 is divided by 62967.
2426
Calculate the remainder when 50137162 is divided by 2638798.
0
Calculate the remainder when 120374 is divided by 120309.
65
What is the remainder when 1214994 is divided by 134983?
147
What is the remainder when 721624 is divided by 11829?
55
Calculate the remainder when 772508 is divided by 619.
615
What is the remainder when 474093 is divided by 928?
813
What is the remainder when 119525 is divided by 16?
5
What is the remainder when 3052770 is divided by 225?
195
What is the remainder when 8317706 is divided by 4158850?
6
What is the remainder when 1513376 is divided by 503366?
3278
What is the remainder when 473621378 is divided by 19?
18
Calculate the remainder when 3557627 is divided by 174.
23
What is the remainder when 9583859 is divided by 271?
215
Calculate the remainder when 206984815 is divided by 34497468.
7
Calculate the remainder when 159312892 is divided by 52.
24
What is the remainder when 154889 is divided by 2392?
1801
What is the remainder when 46014014 is divided by 46014005?
9
What is the remainder when 11211200 is divided by 46327?
66
What is the remainder when 49907 is divided by 132?
11
What is the remainder when 116875 is divided by 58414?
47
Calculate the remainder when 5295 is divided by 830.
315
Calculate the remainder when 120886 is divided by 1490.
196
Calculate the remainder when 183550049 is divided by 15.
14
What is the remainder when 201568261 is divided by 8?
5
What is the remainder when 218351 is divided by 1630?
1561
Calculate the remainder when 2588509 is divided by 140.
49
Calculate the remainder when 93645 is divided by 821.
51
What is the remainder when 41647953 is divided by 4909?
4906
Calculate the remainder when 46360 is divided by 3032.
880
What is the remainder when 14601058 is divided by 317?
38
What is the remainder when 573581 is divided by 7900?
4781
What is the remainder when 35943976 is divided by 6?
4
What is the remainder when 83758 is divided by 984?
118
What is the remainder when 2600412 is divided by 76?
72
Calculate the remainder when 1166756 is divided by 166619.
423
Calculate the remainder when 2607698 is divided by 2.
0
Calculate the remainder when 7542586 is divided by 153.
145
Calculate the remainder when 43325 is divided by 7062.
953
Calculate the remainder when 26309 is divided by 6970.
5399
What is the remainder when 533 is divided by 289?
244
What is the remainder when 258862 is divided by 257951?
911
What is the remainder when 150494 is divided by 2317?
2206
What is the remainder when 558993 is divided by 39875?
743
What is the remainder when 13388 is divided by 457?
135
Calculate the remainder when 71602702 is divided by 162.
160
Calculate the remainder when 162992 is divided by 2549.
2405
Calculate the remainder when 2162643 is divided by 156.
15
What is the remainder when 572886 is divided by 21?
6
Calculate the remainder when 9312390 is divided by 31.
21
What is the remainder when 666707 is divided by 227?
8
What is the remainder when 10744994 is divided by 3581626?
116
Calculate the remainder when 23788187 is divided by 4100.
4087
What is the remainder when 40105 is divided by 799?
155
What is the remainder when 45865386 is divided by 3715?
3711
What is the remainder when 9882379 is divided by 898396?
23
Calculate the remainder when 82480410 is divided by 28.
26
Calculate the remainder when 5620631 is divided by 5620629.
2
Calculate the remainder when 995898 is divided by 2207.
541
What is the remainder when 685755 is divided by 341453?
2849
What is the remainder when 76380932 is divided by 154?
12
Calculate the remainder when 15351262 is divided by 334.
288
Calculate the remainder when 49735543 is divided by 18.
13
What is the remainder when 4546635 is divided by 3789?
3624
Calculate the remainder when 43171 is divided by 537.
211
Calculate the remainder when 20650741 is divided by 299284.
145
What is the remainder when 9296733 is divided by 11?
6
What is the remainder when 106033 is divided by 244?
137
Calcula